{"id":460,"date":"2021-03-22T13:12:14","date_gmt":"2021-03-22T12:12:14","guid":{"rendered":"http:\/\/mi2v.com\/?page_id=460"},"modified":"2021-03-22T13:12:14","modified_gmt":"2021-03-22T12:12:14","slug":"interface-homme-machine","status":"publish","type":"page","link":"https:\/\/mi2v.com\/index.php\/interface-homme-machine\/","title":{"rendered":"Interface Homme Machine"},"content":{"rendered":"\n<div class=\"wp-block-columns is-layout-flex wp-container-core-columns-is-layout-9d6595d7 wp-block-columns-is-layout-flex\">\n<div class=\"wp-block-column is-layout-flow wp-block-column-is-layout-flow\">\n<figure class=\"wp-block-image size-large is-style-default\"><img loading=\"lazy\" decoding=\"async\" width=\"803\" height=\"610\" src=\"http:\/\/mi2v.com\/wp-content\/uploads\/2021\/03\/IHM-1.png\" alt=\"\" class=\"wp-image-461\" srcset=\"https:\/\/mi2v.com\/wp-content\/uploads\/2021\/03\/IHM-1.png 803w, https:\/\/mi2v.com\/wp-content\/uploads\/2021\/03\/IHM-1-300x228.png 300w, https:\/\/mi2v.com\/wp-content\/uploads\/2021\/03\/IHM-1-768x583.png 768w\" sizes=\"auto, (max-width: 803px) 100vw, 803px\" \/><\/figure>\n\n\n\n<p class=\"has-text-align-center\">Exemple d&rsquo;\u00e9cran d&rsquo;aide au diagnostic et suivi du programme automate<\/p>\n<\/div>\n\n\n\n<div class=\"wp-block-column is-layout-flow wp-block-column-is-layout-flow\">\n<figure class=\"wp-block-image size-large is-style-default\"><img loading=\"lazy\" decoding=\"async\" width=\"407\" height=\"308\" src=\"http:\/\/mi2v.com\/wp-content\/uploads\/2021\/03\/IHM-2.jpg\" alt=\"\" class=\"wp-image-462\" srcset=\"https:\/\/mi2v.com\/wp-content\/uploads\/2021\/03\/IHM-2.jpg 407w, https:\/\/mi2v.com\/wp-content\/uploads\/2021\/03\/IHM-2-300x227.jpg 300w\" sizes=\"auto, (max-width: 407px) 100vw, 407px\" \/><\/figure>\n\n\n\n<p class=\"has-text-align-center\">Gestion des param\u00e8tres de r\u00e9glages d&rsquo;un surpresseur <\/p>\n<\/div>\n\n\n\n<div class=\"wp-block-column is-layout-flow wp-block-column-is-layout-flow\">\n<figure class=\"wp-block-image size-large is-style-default\"><img loading=\"lazy\" decoding=\"async\" width=\"324\" height=\"271\" src=\"http:\/\/mi2v.com\/wp-content\/uploads\/2021\/03\/IHM-3.png\" alt=\"\" class=\"wp-image-463\" srcset=\"https:\/\/mi2v.com\/wp-content\/uploads\/2021\/03\/IHM-3.png 324w, https:\/\/mi2v.com\/wp-content\/uploads\/2021\/03\/IHM-3-300x251.png 300w\" sizes=\"auto, (max-width: 324px) 100vw, 324px\" \/><\/figure>\n\n\n\n<p class=\"has-text-align-center\">\u00c9cran de supervision d&rsquo;un surpresseur 3 pompes<\/p>\n<\/div>\n<\/div>\n\n\n\n<p class=\"has-text-align-center\">Nous \u00e9tudions pour vous toute possibilit\u00e9 d&rsquo;am\u00e9lioration de la communication entre l&rsquo;homme et la machine. Il est possible de rajouter des \u00e9crans sur tout ou partie d&rsquo;une installation dans le but de mieux piloter et configurer une machine ou tout simplement d&rsquo;am\u00e9liorer l&rsquo;aide au d\u00e9pannage.<\/p>\n\n\n\n<div class=\"wp-block-buttons is-content-justification-center is-layout-flex wp-block-buttons-is-layout-flex\">\n<div class=\"wp-block-button is-style-fill\"><a class=\"wp-block-button__link\" href=\"http:\/\/www.mi2v.com\">Retour<\/a><\/div>\n<\/div>\n","protected":false},"excerpt":{"rendered":"<p>Exemple d&rsquo;\u00e9cran d&rsquo;aide au diagnostic et suivi du programme automate Gestion des param\u00e8tres de r\u00e9glages d&rsquo;un surpresseur \u00c9cran de supervision d&rsquo;un surpresseur 3 pompes Nous \u00e9tudions pour vous toute possibilit\u00e9 d&rsquo;am\u00e9lioration de la communication entre l&rsquo;homme et la machine. Il est possible de rajouter des \u00e9crans sur tout ou partie d&rsquo;une installation dans le but [&hellip;]<\/p>\n","protected":false},"author":1,"featured_media":0,"parent":0,"menu_order":0,"comment_status":"closed","ping_status":"closed","template":"","meta":{"_acf_changed":false,"footnotes":""},"class_list":["post-460","page","type-page","status-publish","hentry"],"acf":[],"_links":{"self":[{"href":"https:\/\/mi2v.com\/index.php\/wp-json\/wp\/v2\/pages\/460","targetHints":{"allow":["GET"]}}],"collection":[{"href":"https:\/\/mi2v.com\/index.php\/wp-json\/wp\/v2\/pages"}],"about":[{"href":"https:\/\/mi2v.com\/index.php\/wp-json\/wp\/v2\/types\/page"}],"author":[{"embeddable":true,"href":"https:\/\/mi2v.com\/index.php\/wp-json\/wp\/v2\/users\/1"}],"replies":[{"embeddable":true,"href":"https:\/\/mi2v.com\/index.php\/wp-json\/wp\/v2\/comments?post=460"}],"version-history":[{"count":1,"href":"https:\/\/mi2v.com\/index.php\/wp-json\/wp\/v2\/pages\/460\/revisions"}],"predecessor-version":[{"id":466,"href":"https:\/\/mi2v.com\/index.php\/wp-json\/wp\/v2\/pages\/460\/revisions\/466"}],"wp:attachment":[{"href":"https:\/\/mi2v.com\/index.php\/wp-json\/wp\/v2\/media?parent=460"}],"curies":[{"name":"wp","href":"https:\/\/api.w.org\/{rel}","templated":true}]}}